List the prime factors of 55129.
29, 1901
List the prime factors of 12252.
2, 3, 1021
What are the prime factors of 2052?
2, 3, 19
List the prime factors of 87633.
3, 7, 13, 107
What are the prime factors of 65726?
2, 59, 557
What are the prime factors of 90?
2, 3, 5
List the prime factors of 1120.
2, 5, 7
What are the prime factors of 117?
3, 13
What are the prime factors of 11383?
11383
What are the prime factors of 79889?
79889
What are the prime factors of 314?
2, 157
List the prime factors of 14611.
19, 769
List the prime factors of 1593.
3, 59
What are the prime factors of 1042?
2, 521
What are the prime factors of 5149?
19, 271
What are the prime factors of 49749?
3, 7, 23, 103
List the prime factors of 124500.
2, 3, 5, 83
What are the prime factors of 78523?
17, 31, 149
List the prime factors of 4167.
3, 463
What are the prime factors of 10070?
2, 5, 19, 53
List the prime factors of 18321.
3, 31, 197
List the prime factors of 22980.
2, 3, 5, 383
List the prime factors of 36839.
11, 17, 197
List the prime factors of 5908.
2, 7, 211
What are the prime factors of 73208?
2, 9151
What are the prime factors of 2080?
2, 5, 13
List the prime factors of 11517.
3, 11, 349
What are the prime factors of 108905?
5, 23, 947
List the prime factors of 2279.
43, 53
List the prime factors of 309.
3, 103
What are the prime factors of 587?
587
List the prime factors of 2131.
2131
List the prime factors of 13017.
3, 4339
List the prime factors of 2264.
2, 283
List the prime factors of 4043.
13, 311
What are the prime factors of 49932?
2, 3, 19, 73
What are the prime factors of 579?
3, 193
List the prime factors of 11716.
2, 29, 101
List the prime factors of 10904.
2, 29, 47
What are the prime factors of 14834?
2, 7417
What are the prime factors of 357?
3, 7, 17
List the prime factors of 112865.
5, 22573
List the prime factors of 807.
3, 269
List the prime factors of 2759.
31, 89
What are the prime factors of 34926?
2, 3, 5821
What are the prime factors of 37477?
11, 3407
What are the prime factors of 3123?
3, 347
List the prime factors of 7923.
3, 19, 139
What are the prime factors of 58276?
2, 17, 857
What are the prime factors of 1472?
2, 23
List the prime factors of 2456.
2, 307
List the prime factors of 1958.
2, 11, 89
List the prime factors of 7172.
2, 11, 163
What are the prime factors of 94844?
2, 131, 181
List the prime factors of 39665.
5, 7933
What are the prime factors of 319?
11, 29
What are the prime factors of 676?
2, 13
List the prime factors of 21790.
2, 5, 2179
What are the prime factors of 9421?
9421
List the prime factors of 1375.
5, 11
List the prime factors of 21132.
2, 3, 587
List the prime factors of 130078.
2, 13, 5003
List the prime factors of 1770.
2, 3, 5, 59
What are the prime factors of 40211?
79, 509
What are the prime factors of 88142?
2, 44071
What are the prime factors of 51621?
3, 17207
What are the prime factors of 21795?
3, 5, 1453
What are the prime factors of 712?
2, 89
What are the prime factors of 1267?
7, 181
List the prime factors of 35141.
35141
What are the prime factors of 37726?
2, 13, 1451
List the prime factors of 51759.
3, 71
List the prime factors of 55419.
3, 7, 13, 29
What are the prime factors of 56610?
2, 3, 5, 17, 37
List the prime factors of 1780.
2, 5, 89
What are the prime factors of 13551?
3, 4517
List the prime factors of 9961.
7, 1423
What are the prime factors of 1254?
2, 3, 11, 19
List the prime factors of 151.
151
List the prime factors of 4235.
5, 7, 11
What are the prime factors of 1242?
2, 3, 23
List the prime factors of 2117.
29, 73
List the prime factors of 6254.
2, 53, 59
List the prime factors of 9442.
2, 4721
List the prime factors of 2422.
2, 7, 173
What are the prime factors of 14989?
13, 1153
List the prime factors of 18271.
11, 151
What are the prime factors of 419?
419
What are the prime factors of 501?
3, 167
What are the prime factors of 20701?
127, 163
What are the prime factors of 3301?
3301
List the prime factors of 2378.
2, 29, 41
What are the prime factors of 55193?
97, 569
What are the prime factors of 2247?
3, 7, 107
What are the prime factors of 1116?
2, 3, 31
What are the prime factors of 7290?
2, 3, 5
List the prime factors of 2606.
2, 1303
List the prime factors of 99105.
3, 5, 6607
What are the prime factors of 420?
2, 3, 5, 7
What are the prime factors of 1697?
1697
What are the prime factors of 185?
5, 37
What are the prime factors of 77393?
193, 401
List the prime factors of 4895.
5, 11, 89
What are the prime factors of 50208?
2, 3, 523
List the prime factors of 113499.
3, 12611
List the prime factors of 2201.
31, 71
List the prime factors of 44924.
2, 11, 1021
List the prime factors of 13220.
2, 5, 661
List the prime factors of 4541.
19, 239
What are the prime factors of 12994?
2, 73, 89
List the prime factors of 4054.
2, 2027
List the prime factors of 8157.
3, 2719
List the prime factors of 577.
577
List the prime factors of 88965.
3, 5, 659
What are the prime factors of 4525?
5, 181
What are the prime factors of 386?
2, 193
List the prime factors of 33859.
7, 691
List the prime factors of 25573.
107, 239
What are the prime factors of 1200?
2, 3, 5
List the prime factors of 78931.
17, 4643
What are the prime factors of 2675?
5, 107
List the prime factors of 711.
3, 79
What are the prime factors of 2817?
3, 313
List the prime factors of 27308.
2, 6827
What are the prime factors of 200?
2, 5
List the prime factors of 8147.
8147
What are the prime factors of 3811?
37, 103
List the prime factors of 13293.
3, 7, 211
What are the prime factors of 847?
7, 11
What are the prime factors of 168762?
2, 3, 11, 2557
What are the prime factors of 4182?
2, 3, 17, 41
List the prime factors of 3271.
3271
What are the prime factors of 6141?
3, 23, 89
What are the prime factors of 18584?
2, 23, 101
List the prime factors of 34575.
3, 5, 461
List the prime factors of 93744.
2, 3, 7, 31
List the prime factors of 295.
5, 59
List the prime factors of 10079.
10079
List the prime factors of 16220.
2, 5, 811
List the prime factors of 2158.
2, 13, 83
List the prime factors of 116035.
5, 23, 1009
List the prime factors of 679.
7, 97
What are the prime factors of 644?
2, 7, 23
List the prime factors of 4046.
2, 7, 17
List the prime factors of 633.
3, 211
What are the prime factors of 3350?
2, 5, 67
What are the prime factors of 13821?
3, 17, 271
What are the prime factors of 39838?
2, 19919
What are the prime factors of 806?
2, 13, 31
What are the prime factors of 6883?
6883
List the prime factors of 22137.
3, 47, 157
List the prime factors of 80482.
2, 40241
List the prime factors of 41549.
41549
What are the prime factors of 1757?
7, 251
What are the prime factors of 14989?
13, 1153
What are the prime factors of 1606?
2, 11, 73
What are the prime factors of 5868?
2, 3, 163
List the prime factors of 3649.
41, 89
What are the prime factors of 12492?
2, 3, 347
What are the prime factors of 50?
2, 5
List the prime factors of 22619.
22619
List the prime factors of 12197.
12197
List the prime factors of 6789.
3, 31, 73
List the prime factors of 1359.
3, 151
List the prime factors of 1530.
2, 3, 5, 17
What are the prime factors of 2109?
3, 19, 37
What are the prime factors of 17085?
3, 5, 17, 67
What are the prime factors of 1001?
7, 11, 13
List the prime factors of 199.
199
List the prime factors of 26883.
3, 29, 103
List the prime factors of 160348.
2, 40087
List the prime factors of 23691.
3, 53, 149
List the prime factors of 1147.
31, 37
List the prime factors of 3126.
2, 3, 521
What are the prime factors of 1510?
2, 5, 151
What are the prime factors of 7987?
7, 163
What are the prime factors of 3958?
2, 1979
List the prime factors of 8497.
29, 293
List the prime factors of 34632.
2, 3, 13, 37
List the prime factors of 3807.
3, 47
List the prime factors of 169.
13
List the prime factors of 126080.
2, 5, 197
List the prime factors of 35.
5, 7
List the prime factors of 1704.
2, 3, 71
List the prime factors of 478.
2, 239
List the prime factors of 25722.
2, 3, 1429
What are the prime factors of 32119?
32119
What are the prime factors of 72743?
11, 17, 389
What are the prime factors of 613?
613
List the prime factors of 34997.
79, 443
List the prime factors of 24003.
3, 7, 127
What are the 